24 + -30 + -9 - -7 - (3 - -1)
-12
What is 0 + -19 - (476 + -459)?
-36
What is the value of 6 + -4 + (1 + 1 - -5)?
9
Calculate -224 + 231 - (24 + 1).
-18
What is (7 + 1 - 3) + -2 - (11 - -1)?
-9
-4 + (14 - -1) + (-11 - -1) + 9
10
6 + (13 - (29 - 5))
-5
(1 - -2) + (-9 - -12) - (9 + 9)
-12
12 - (19 + -10 + -9)
12
What is -29 + 6 + 18 + 2?
-3
13 - (55 + -10) - (2 + -1)
-33
(-89 + 122 - 14) + (0 - -1) + 0
20
What is the value of (4 - 22) + 0 + 10?
-8
3 - (-2 - -3 - (24 + (-1 - -12)))
37
What is the value of (26 - (-21 + -14)) + -37?
24
(3 - -50 - 39) + 0 + 1
15
7 + ((9 - 4) + 1 - (5 + 0))
8
What is the value of -39 + (41 - 16 - 10) - -5?
-19
What is 15 + -28 + 18 + 3?
8
What is -14 + (-13 - -16 - (-23 + -3))?
15
-3 + (5 - (27 + -7 + -9))
-9
3 - (8 + (3 - -3) + -15)
4
What is the value of 44 - (30 - (31 + -17))?
28
What is the value of -3 + 8 + -16 - (16 - 25)?
-2
Calculate -10 - ((-4 - -4) + 1).
-11
What is -7 - (3 + -15 + -18)?
23
What is -50 + 48 - (1 + -3) - -11?
11
What is the value of -17 + 10 + -5 + -3 + 8 + -5?
-12
What is the value of (0 - 8) + 12 + -36?
-32
What is 6 - (-4 + -1 - -8) - -8?
11
(-25 - 0) + 1424 + -1379
20
What is 29 + -39 + (41 - 57)?
-26
Evaluate -2 - (18 + -11 - 3) - 13.
-19
What is (-2 - -3) + 2 - (-17 + 3 - 4)?
21
What is (-3 - (-19 - -11)) + 8?
13
Evaluate -6 + (0 - -15) - (6 + -1).
4
((16 - 7) + -12 - (0 + 1)) + -4
-8
(5 - (-27 + 10)) + (-4 - -7 - -2)
27
What is 37 + -24 - (3 + 5)?
5
Calculate -6 - (-13 + (-8 - -13 - 10)).
12
What is the value of -20 - (-19 + 11) - -23?
11
What is (-3 + 13 - -3) + -21?
-8
0 - (-2 - 0) - (-60 - (116 + -175))
3
What is -4 - (15 - (2 + 0 + 4 + -3))?
-16
-2 + -20 - (-721 - -715)
-16
25 + (-29 - -1) - (-2 + -1)
0
Calculate -13 + (-10 - -48 - 13).
12
Evaluate -7 - (8 + -27) - (-16 + 4).
24
What is the value of ((-10 - 0) + 17 + -17 - 8) + -2?
-20
-35 + (73 - 50) - (-1 - -14)
-25
Calculate 34 + (18 - 52) - (2 - -1 - 31).
28
What is (107 - 36 - 35) + -15?
21
What is the value of (0 + -4 - (4 - -3)) + (-26 - 0)?
-37
(26 - 5) + -3 + (-19 - (-36 + 6))
29
What is the value of (-8 - 7) + (14 - 17)?
-18
What is 5 + -8 - ((5 - 4 - -1) + -3)?
-2
Evaluate -7 + -1 + -7 - (0 + 3 - 6).
-12
What is the value of -5 + (-17 - 3 - (-8 + -1)) + -2?
-18
Evaluate -1 + (-1 - 4) + 24 - (-22 - -21).
19
What is -23 - -10 - -17 - (2 + -11)?
13
-8 - (-13 - (-4 + -7) - 4)
-2
17 + -9 + 2 + 0 + 1 + -2
9
Evaluate 3 + (18 - (18 - 5)).
8
(1 - (31 + -11 + -9)) + 5 + -10
-15
What is the value of (-27 - -43) + -24 + 24?
16
What is 34 - (18 + -8) - (-39 - -33)?
30
Calculate 17 - (1 + (-1 - 9) - -12).
14
Evaluate 44 + (-47 - -12 - -18) + -12.
15
Calculate -23 - ((3 - 32) + -7).
13
12 + (-17 - (3 - 13) - -4)
9
-1 + -2 + (2 - (-1 - (0 + 0)))
0
-12 - (8 - -18 - 26)
-12
-13 - (3 - -16 - 37)
5
Evaluate -17 - (13 + 18) - -25.
-23
Evaluate (12 - (26 - 15)) + 17.
18
Evaluate -1 + 17 + -310 + 307.
13
Calculate -11 - -9 - -1 - (-4 - (6 - 7)).
2
Calculate -6 - (18 - (49 + -17)).
8
What is the value of -4 - -7 - (-2 - -11 - (7 - 0))?
1
What is (1 + 2 + -1 - 31) + (-131 - -140)?
-20
Evaluate -14 - (0 - 5) - -17.
8
Calculate 20 - (-3 - (11 + -25)) - 18.
-9
Evaluate (-4 - (-4 + -18)) + -4 + -2.
12
Evaluate 6 + 2 - 2 - (-1 - (-16 - -6)).
-3
Calculate -3 + (3 + (-10 - (0 - 7)) - -1).
-2
(-12 - (-15 + -5)) + (-23 - -2) + -1
-14
15 - ((-8 - 1) + (-4 - -9))
19
What is the value of (3 - -28) + -24 + -2?
5
(57 - 54 - 13) + -14 + 0
-24
Calculate -12 - (52 + -12 + -28).
-24
Calculate (5 - (-5 - 31)) + (-22 - (15 + -30)).
34
(-19 - -25) + 7 + -4 - 12
-3
What is 3 - (3 + -8 + -2 - -7)?
3
Evaluate (-7 + 5 - -3) + -13.
-12
What is the value of (2 - (-2 + 0)) + (-28 + 8 - -19)?
3
What is 5 - (-11 - (24 + -67))?
-27
Calculate -9 - (-5 - (-6 + 5) - -9).
-14
Calculate -11 + -37 + 45 + -17.
-20
Evaluate 1 + 2 + (-6 - 8 - -12).
1
Evaluate (30 - 64 - -15) + 1 + -3.
-21
Calculate (22 - (-5 - -17)) + (19 - 11).
18
What is 29 + 14 + -13 + -16?
14
What is the value of -17 - -2 - (6 - (-6 - -16))?
-11
What is 8 + 9 + -2 - 4?
11
-29 + (-18 - 1 - -33)
-15
Calculate -7 - (0 + 1 + 0 + -2 + -7).
1
What is the value of -11 - (-12 + -1 + (84 - 77))?
-5
What is 359 - 353 - (-3 + (0 - -2) + 10)?
-3
What is the value of -8 + 0 + 5 - (19 - 32)?
10
(10 - (0 + (-2 - -4))) + -17
-9
(-9 - (-25 - -9)) + -3
4
19 - ((-4 + (4 - 8) - -11) + -3)
19
Calculate 1 + 3 + 1 + (17 - 15).
7
Evaluate -5 + 1 + (8 - 12) + 10.
2
What is the value of -13 + 0 - (32 - (0 + 38))?
-7
What is the value of 6 + 2 - (-25 - -38)?
-5
17 + -8 + -1 + 6 + -3
11
Calculate (32 - 4) + (3 - (-12 + 23)).
20
What is the value of (-12 - (-53 + 54)) + (4 - (0 + -1))?
-8
Calculate -2 + (1 - (-8 - (4 + -4))).
7
Evaluate 22 + -14 + 13 + 0 + -7 + 1.
15
What is (2 - (25 - 23)) + -6?
-6
What is -19 + (35 - 67) + 23?
-28
-6 + 8 + 0 - 23
-21
What is the value of -18 - ((0 - 38) + 7)?
13
What is the value of 1 + (-15 - (24 - 61))?
23
What is the value of (11 - -15) + 18 + -10 + -3?
31
What is the value of (55 - 55) + (12 + 0 - 2)?
10
Evaluate (-76 + 32 - -19) + 40.
15
Calculate 1 + 4 + -3 + (25 - 18).
9
-12 - 0 - (-30 - (-30 + 8))
-4
Calculate 2 + -8 - (-16 + 19 + 0).
-9
Evaluate 0 - -7 - (-18 - (16 - 20)).
21
Evaluate -2 - (-16 + 44) - -43.
13
What is (-3 - 0) + 8 - ((-4 - 7) + 2)?
14
What is the value of 120 - 127 - (-11 + -7)?
11
What is -17 + 1 + -13 + 13?
-16
Evaluate (4 - 6 - -9) + (-3 + 6 - 11).
-1
What is the value of -21 - (7 - (11 + -15 - -25))?
-7
What is 4 - (22 + (-35 + 24 - (-2 + -2)))?
-11
Evaluate (2 - (-13 - (-8 - -7))) + 6.
20
What is the value of -9 + -3 - -18 - -2?
8
-1 - ((-2 - 1) + (5 - (7 + -8)))
-4
-13 - (10 + -9 + -1)
-13
Evaluate (-10 - -3) + -8 + (4 - -6).
-5
What is the value of (14 - 10) + (-7 - -4) + -3 + -9?
-11
What is the value of 5 + (0 - (-4 + -4 + 11 + 0))?
2
What is the value of -13 - ((11 + -13 - 3) + -2)?
-6
Evaluate 25 - ((-1 - -2) + -97 + 106).
15
(2 + -3 - -24) + -15 - (14 - 1)
-5
What is (3 + -12 - -8) + -2 + (5 - 8)?
-6
Evaluate (4105 - 4109) + (0 - 21) + 1.
-24
What is (-8 - 3 - -19) + -14 - -7?
1
-10 + -3 + 50 + -20
17
What is (-10 - -1) + 13 - 15?
-11
What is the value of -142 + 141 + (-5 - 0)?
-6
What is 4 + (14 - (-7 + 18))?
7
Calculate (-72 - -66) + (17 - 9).
2
What is the value of 8 + (10 - 7) + -6 - -14?
19
3 - (3 - (-12 - -5))
-7
What is 7 - (1 + 2 - ((-19 - -1) + 16))?
2
What is -9 + (-13 + 19 - 7)?
-10
-3 + -7 + 0 + -14 + -54 + 45
-33
Calculate (3 - 11) + 27 + (14 - 42).
-9
What is the value of 11 - 17 - 7 - (-2 - -2)?
-13
Calculate 40 - (19 + -11 + 40).
-8
What is -1033 - -1035 - (-9 - 0)?
11
What is the value of -27 + (-2 + 11 - (-92 + 86))?
-12
What is the value of -8 + 1 + (0 - -1) + -1396 + 1388?
-14
Calculate -13 + -1 - (1 + -1).
-14
What is -45 + -4 + 8 + 7 + -5 + 13?
-26
Calculate 13 + -12 + 5 + (-9 - -6).
3
Evaluate -19 + -15 + 2 - (0 - 6).
-26
What is the value of -11 + (-11 - (-9 - 4))?
-9
0 + (-12 - (-8 - -7)) + (4 - -4)
-3
What is -2 - (11 - -2) - (-16 + (50 - 38))?
-11
What is 1 - -1 - (16 - 2 - 11)?
-1
What is the value of 6 + 7 + -1 + 4 + -4?
12
6 + (-7 - -16 - 18 - 3)
-6
(-2 - -13 - -2) + -9
4
What is 1 + (-5 - -1) + 9 + 1?
7
What is 39 - ((58 - 13) + -30)?
24
2 - (-2 + 0 + 30 + 1 - -2)
-29
What is the value of -6 + 14 + (2 - 8 - (-49 + 35))?
16
-19 - -55 - 11 - (4 - 5)
26
What is 45 - 0 - (825 - 794)?
14
22 - ((21 - 41) + 34)
8
What is the value of 1 + -9 + (12 - (5 + -14))?
13
Evaluate 10 + 23 - 17 - (-1 + 4) - -4.
17
What is -2 - (6 - 4) - (-1 - (-4 + 21))?
14
(32 - 42) + 18 + (4 - 8)
4
What is 1 - (0 - 5 - -10) - -10 - 3?
3
Calculate 1 - (2 + -5) - (-5 + -4 - 8).
21
Evaluate 10 + -18 + 1 + (5 - 40) + 42.
0
Evaluate 2 + (28 - 46) + 15.
-1
Calculate 7 + (-12 + -1 + 11 - (4 - -3)).
-2
14 - -1 - (-132 - -128)
19
-26 + (6 - -4) + -9
-25
Calculate -26 - -1 - (648 - 706).
33
What is the value of (-2 - 14) + (331 - 334)?
-19
What is (5 + -9 + 5 - 8) + 8 + 8?
9
What is 12 - 4 - (16 - (-3 - -3))?
-8
(-7 - (-3 + (0 - 3))) + (6 - 3)
2
-31 + 24 - 15 - -5
-17
What is the value of -16 - (-7 + 3 - (16 + -11))?
-7
Calculate (11 - 1) + (-1 - 3) + 8.
14
Calculate -26 + -5 + (38 - 7).
0
Calculate 9 + (0 + -2 - 8).
-1
What is the value of 8 - (4 - (-10 + 16))?
10
What is -70 + (-4 + 57 - 18)?
-35
Calculate 2 - -8 - 11 - (-9 - -25).
-17
Calculate (13 - 34) + 24 - ((-1 - 14)